
2
Evaluate 9 - 1 - (8 - (34 + -8 + 0)).
26
What is -5 + (4 - -13) + 1 + 1?
14
Evaluate (31 - (3 - -30)) + (-1 - -2).
-1
4 + 0 - (25 + -26 + -4)
9
Evaluate (-1 - -5) + (-7 - (20 - (7 + 4))).
-12
(-2 - -12) + -2 + -2 + 136 + -140
2
Evaluate 1 + 1 + -5 + (-7 - 2).
-12
Evaluate 12 - (31 - 4) - (-19 + 3).
1
Evaluate (17 + -1 - (-63 - -86)) + (-1 - 10).
-18
Calculate 2 + 1 - 17 - (43 - 39).
-18
Calculate (8 - 2) + -13 + 8.
1
What is (0 - -2 - 1) + (-36 - (-81 + 33))?
13
Evaluate 7 + (8 - -3 - 7 - 14).
-3
(0 - 0) + 3 + -284 + 295
14
What is 40 + 5 + -8 + -11 - (8 + -3)?
21
What is the value of -12 - (2 - 2) - (17 + (-17 - 5))?
-7
Calculate (-1 - 2) + -15 + 12 + 7 + 1.
2
Calculate -10 + (-7 - -30 - 8).
5
-36 + 19 + 12 - (-5 - 2)
2
(9 + (-6 - (-6 - -9)) - -2) + -4
-2
What is 1 + -16 + -10 + (12 - 2)?
-15
Evaluate (16 - 3 - (-6 - (-5 - 7))) + 4.
11
Calculate 43 + 31 + -25 + (10 - 30).
29
Evaluate (24 - (18 + 10)) + 2 + -2.
-4
What is the value of 7 + 3 - (-4 + 21) - (-1 + -13)?
7
Evaluate (3 - (-11 + (4 - -7))) + -1.
2
(19 - 26) + -3 - 12
-22
5 + 31 - 67 - -33
2
Evaluate 1 + -3 - (-60 - -44).
14
Calculate (-1 - 6 - (315 + -319)) + -6.
-9
Calculate -3 - (-5 + (5 - (-3 - 2))).
-8
8 - 5 - (-9 + -1) - (1 + 3)
9
What is -11 + (-21 - -14 - -2)?
-16
Calculate (3 - -1) + -1 + (-93 - -90) + 1.
1
What is 8 + ((-2 - -7) + -3 - 0)?
10
What is the value of -6 + 7 + -4 + 3 + -2?
-2
Evaluate (-1 + -3 - -15) + (177 - 175).
13
Evaluate (-7 + 0 + 15 - 2) + -3 + -17.
-14
What is the value of -28 + -19 + 43 - (-1 - (1 - 1))?
-3
Calculate 8 - (-39 + 29 + (1 - -3)).
14
-477 + 472 + (0 - -18)
13
Evaluate (34 - (45 + -38)) + -7 + 1.
21
5 - (-26 - (24 + -23))
32
What is the value of (-15 - -2) + -1 + (24 - 25)?
-15
Evaluate -6 - -1 - (-38 - -36) - -9 - 3.
3
What is the value of 11 - ((-3 - -17) + -12 + 7)?
2
Evaluate -19 - 1 - ((-12 - -3) + 7).
-18
Calculate 11 + -17 + (-1 - 5).
-12
Calculate 45 + 30 + -92 + (37 - 2).
18
33 - (-38 - -35 - -35)
1
What is the value of (-13 - 1) + 68 + -77?
-23
Calculate 5 - 7 - (0 - -2 - 3).
-1
What is the value of 12 - 2 - (-5 - -1 - -37)?
-23
What is the value of 17 + -5 + ((-8 - -2) + 2 - -10)?
18
What is the value of -1 - (0 - -8) - (3 + -10 + 20)?
-22
What is the value of (44 - 40) + (-2 - (12 - 0)) - 23?
-33
1 - (3 + 22 + -12)
-12
Evaluate (20 - -2) + (26 - 6) + -23.
19
What is the value of 20 + -4 - 15 - 16?
-15
What is (-8 + 11 - (-12 - -4)) + -28?
-17
What is the value of -1 + -11 + -5 + 3?
-14
6 + 27 + 2 + (8 - 18)
25
15 + (6 - (10 - 9)) + -7
13
Evaluate 8 + -1 - (-2 + 18 + -15 - -19).
-13
Calculate (-12 - 0) + (3 - (-6 + 1) - -10).
6
-22 - (7 - -33 - 51)
-11
Calculate -1 + -16 + (3 - -6) + -2.
-10
Calculate -11 + 1 + -2 + 11 + -17.
-18
Calculate 4 - ((-141 - -139) + 0 + 3) - -5.
8
(-22 - 0 - -3) + (45 - 41)
-15
What is 12 - (3 + (-51 - -55) + (-3 - 1))?
9
What is 5 + (28 - (-12 + 15))?
30
Calculate -5 - (-3 - -6 - (0 - (-8 - 10))).
10
What is 0 + (0 - 0) + 6 + -14?
-8
Evaluate (-16 - -19 - 10) + 2.
-5
Calculate -9 - (2 - (-5 + -8 + 14)).
-10
Evaluate (-11 - 0) + (-19 - -25).
-5
Evaluate -8 + 2 + 0 - (-1 + 5 + -15).
5
What is -6 - (-20 - 5) - 34?
-15
Evaluate -13 - (37 - (-6 + 84)).
28
Calculate 22 - 9 - (11 - (8 + 0)).
10
(-24 - (-25 - -11)) + 3 - -28
21
What is -4 + (6 - -10) + -5 - (9 + -2)?
0
Evaluate -5 + 12 - -1 - 7 - 6.
-5
What is the value of -22 - (-45 + 4 + 20)?
-1
Evaluate 61 + (0 - 4 - 22).
35
What is the value of -5 + (15 + -10 - -5)?
5
Evaluate -15 + 31 + 1 - (5 - 7).
19
Evaluate -7 + 0 + 15 + -31 + -5 + 18.
-10
What is the value of (0 - -3 - (17 - 7)) + 57 + -34?
16
Calculate (1 - 2 - (12 - 14) - 16) + 8.
-7
Evaluate 37 + 5 - (-10 + 42).
10
What is -43 + 61 - (12 + -18)?
24
Evaluate -12 + 7 + 7 + -9.
-7
What is the value of -18 - (-6 - 10 - 9)?
7
Evaluate (2 - (-2 - -12)) + 28.
20
Evaluate 1 + 13 + 37 + (-18 - 13).
20
7 + -1 + -2 + 7 + -19
-8
What is -9 - (-6 + (4 - 6))?
-1
What is 3 - (36 + -12) - 13 - -12?
-22
-1 - 10 - (0 + 1 + 0)
-12
Calculate -7 + (2 - 8 - 3) + (6 - 0).
-10
Calculate 3 + -6 - 4 - -21 - 8.
6
What is 5 + -2 + -2 + (15 - 3 - -2)?
15
Evaluate 0 + (2 - 7) + 27 + -27 + 17.
12
What is the value of (-1 - 3) + (-3 - 1) + (-10 - -31)?
13
Calculate (-9 - -11) + (2 - (0 - 1)) + 3.
8
What is -10 - (15 + -27 - 7)?
9
Evaluate -6 + (-19 - -25 - 18).
-18
Evaluate 0 + (0 - -2) + 1 + 1 + 7.
11
What is the value of (24 - 13) + -26 + 6 + -2?
-11
Calculate 7 + -38 + (-10 - (-6 - 13)).
-22
Calculate 20 - 10 - 26 - -25 - (24 - -3).
-18
What is -11 + 10 + (-14 - (8 + -17))?
-6
Evaluate 303 + -303 + (-1 - -6).
5
What is the value of (1 - -10) + (-2 - 4) + -1 + 7?
11
Evaluate 34 + -7 + -15 - -2.
14
Calculate (-9 - 0) + 5 + 12 + -9.
-1
Calculate (-2 - 0 - (15 + -20)) + -16.
-13
Calculate -8 - (6 - 1 - 11) - 13.
-15
What is the value of -5 + 1 + -5 - -14?
5
What is the value of -2 - -1 - (-5 - (-21 + 6 + 0))?
-11
(-9 - 3) + (-18 - -17)
-13
What is (-5 + 1 + 1 - 6) + 3?
-6
1 - 14 - -17 - (3 - -3)
-2
Evaluate (-11 - -25) + (10 - (5 - 0) - 8).
11
Evaluate -11 + (-6 + 0 - (9 - 16)).
-10
Evaluate -5 - -2 - (10 + -9 + 1).
-5
Evaluate 30 - ((15 - 13) + 17).
11
Evaluate 12 + -5 + 0 + -9 - -9.
7
What is the value of 5 + 1 + -3 - ((12 - 11) + 36)?
-34
What is -13 + (44 - (14 + 7))?
10
Evaluate 10 - (15 + -8 + 0 + 12).
-9
Evaluate 7 + (3 + 4 + -6 + 9 - 4).
13
Calculate (-1 - -1) + (12 - (-4 + 5)) + -14.
-3
What is 4 - (-7 + (3 - 2) - (53 + -53))?
10
Evaluate 14 + (10 - 11 - 8) + -1 + -2.
2
-12 - -47 - (39 - 19)
15
Evaluate 19 + -14 + 19 + -19.
5
What is -12 - -1 - (18 - (-21 + 38))?
-12
What is the value of -45 + 42 + 4 + 5 + 2?
8
(2688 - 2666) + (-1 - (-1 + 14))
8
Calculate -34 + -11 + 45 + (0 - -4) + 1.
5
Evaluate -5 + -6 - (0 - 3) - -7.
-1
14 - 2 - 0 - ((1 - -5) + -1)
7
What is the value of 15 + -8 + 6 + 4 + -6?
11
What is 13 + (-15 - -25) - 28?
-5
Evaluate 0 - (0 - (-2 - 0 - (-14 + 10))).
2
Evaluate -64 + (-14 - -30) - -26.
-22
What is the value of (3 - 9 - (-1 + -3)) + 5 - -9?
12
What is the value of -11 + 3 + 3 - (-58 - -34)?
19
What is -13 - (7 - ((2 - -1 - -4) + 7))?
-6
What is -5 + -14 + 11 + 3 - 13?
-18
Calculate -17 + (-1 - -3 - (-29 + 26)).
-12
Evaluate -1 + 8 + 61 + -52.
16
What is (11 - 32 - 5) + (4 + -3 - 1)?
-26
What is the value of -84 + (34 - 26) + 45?
-31
Calculate 13 + 22 + -28 - (-1 - -28).
-20
What is the value of -6 - -8 - (6 + -8 + 8 + -11)?
7
Evaluate -12 + 7 - -20 - 22.
-7
4 + (5 - ((0 - 0) + 15)) - 3
-9
(1 + -6 - -12) + -21 - 0 - -4
-10
What is the value of 0 + 3 - (31 + -36)?
8
Calculate (-1 - -1) + 1 + 23 + (-5055 - -5050).
19
What is 11 + -26 + 2 - -16?
3
Evaluate 12 - 12 - 8 - -6 - (-7 - 0).
5
What is the value of 15 + (2 + 0 - (-3 + 4)) - 3?
13
Evaluate 3 + -5 + 4 + (17 - 10).
9
What is (19 + -29 - 8) + (0 - 4 - 2)?
-24
What is the value of (8 - (-4 - (1 + -1))) + -9 + 12?
15
Calculate -6 - ((-19 - -14) + 1 + -3) - 2.
-1
Evaluate (-45 - -82) + -39 - (0 + (1 - 3)).
0
Calculate (0 - 3) + 4 + (-4 - 19 - -14).
-8
What is -337 - -323 - (-16 - 1) - (0 + 17)?
-14
What is -10 - (-3 + -1 + -9)?
3
Evaluate -14 + (34 + 4 - 53).
-29
Evaluate (-38 + 15 - -26) + -13.
-10
Calculate 25 - 2 - 11 - -4 - (4 + 1).
11
What is the value of 3 - -1 - ((-9 - -21) + -5 - -10)?
-13
17 - (9 + -4) - (2 + (-2 - -5))
7
What is -18 - (-6 - 12 - 7)?
7
Calculate 13 - (-4 - -11) - (4 + -11).
13
Evaluate 6 + (-8 - 0) - -6 - (24 - -1).
-21
What is -1 + (-8 - (8 + -1 + -8))?
-8
What is the value of 23 + 21 + -18 + -3?
23
-1 - -5 - (-5 - -2) - (62 - 70)
15
Calculate (23 + -43 - 9) + 58.
29
What is the value of -33 + 21 - (-5 + -5 + 4 + -1)?
-5
(2 - 3) + -7 + 11 + (-11 - 0)
-8
Evaluate (0 - (-6 - (13 - 20))) + (-5 - 0).
-6
Evaluate (-26 - -16) + -2 + 4 + -5.
-13
What is the value of -1 + (-28 + 13 - -4)?
-12
13 + 4 + -11 - (5 - 19)
20
Evaluate (-41 - -32) + (-2 - 0) + -5.
-16
10 + -1 - ((6 - 6) + 9)
0
Calculate 0 + -8 + (-5 - (-10 - (-2 + -1))).
-6
3 + -1 - (-8 - -8) - 3
-1
Calculate 3 + -5 + 11 + -19.
-10
What is -15 - 2 - (9 - 57 - -60)?
-29
Evaluate (-3 - (9 + -8 + 6 + -10)) + 8.
8
What is the value of 1 + 9 + (15 - (-21 + 33))?
13
Calculate 5 + -40 + 30 + (3 - (-37 + 4)).
31
What is the value of -50 - (-40 + 14) - -23?
-1
Evaluate 23 + -2 - (222 + -184).
-17
What is (68 - 62) + 3 + -52 + 9?
-34
What is the value of 1 - 16 - (43 + -76)?
1